 + 8 = y, -3*y - 24 = -v + 5*v. Let x(g) = g - 1. Give x(v).
-4
Let b(j) = 2*j + 5. Suppose 4*m - 56 = 12*m. Give b(m).
-9
Let a(o) = -2*o - 4. Let b(m) = m**2 + 11*m + 26. Let t be b(-7). What is a(t)?
0
Let i(y) be the second derivative of -y**4/12 + y**3/6 - 3*y**2/2 + y. Let w = 8 + -5. Calculate i(w).
-9
Let v = 1 - 0. Let k = 12 + -8. Let g be (k/(-8))/(v/6). Let b(t) = -t**2 - 3*t + 4. Give b(g).
4
Let i = 13 - 18. Let v(t) = t**3 + 5*t**2 - 3*t - 1. What is v(i)?
14
Let y be ((-4)/(-3))/(2/3). Suppose -d - y*d - 5*x = 12, -5*d = 5*x + 10. Suppose -k - d = 2. Let r(i) = -2*i - 3. Give r(k).
3
Let i(o) be the third derivative of -o**6/120 - o**5/10 - o**4/4 + o**3/6 - 5*o**2. Give i(-5).
6
Let v(a) = -10*a**3 - 4*a**2 + 2. Let o(x) = -5*x**3 - 2*x**2 + 1. Let j(r) = 5*o(r) - 2*v(r). Determine j(-1).
4
Let c(s) = s. Suppose -6 + 2 = 4*r. Determine c(r).
-1
Suppose z - 1 = -3. Let d(g) = -g - 4. Determine d(z).
-2
Suppose 3*a = 5*a - 10. Suppose g + a = -0. Let m(q) be the third derivative of -q**5/60 - q**4/4 + q**3/6 - q**2. Calculate m(g).
6
Let g(j) be the third derivative of j**5/60 - j**4/24 + j**3/6 - 19*j**2. Calculate g(2).
3
Let t(p) = -p**2 + 2 + 2*p**2 - 2*p**2 + 3*p. Let m be t(3). Let d(q) = 4*q + 6*q**2 - m*q - q. Determine d(-1).
5
Let v(l) be the first derivative of -l**4/4 - 7*l**3/3 - 7*l**2/2 - l + 11. Determine v(-6).
5
Let w be (-7)/(-9) + (168/(-54))/(-14). Let p(l) = 2*l - l**2 - l + 2*l**2. What is p(w)?
2
Let q(u) = -u**3 - u**2 + u - 1. Let n(o) = -3*o**3 - 9*o**2 - 2*o - 1. Suppose -p + 12 = 1. Suppose -p - 9 = -5*z. Let k(i) = z*q(i) - n(i). What is k(6)?
-3
Suppose 4*z - 38 = -6. Let y(r) = 3*r - 4*r**2 + z - r**3 + 0 - 3. What is y(-4)?
-7
Let r(q) be the second derivative of -q**3/3 + 2*q**2 - 14*q. Let v(u) = -u**3 - 4*u**2 + 5*u. Let w be v(-5). Suppose -2*d - d + 9 = w. Determine r(d).
-2
Suppose -90*s + 70*s = 20. Let u(y) be the first derivative of -6*y**2 + 1. Determine u(s).
12
Suppose 0*h = -4*h + 12. Let u = h + -3. Let x(r) = r**2 + r + 5. Determine x(u).
5
Let j(y) = -2*y**2 + 8*y**2 + 5*y**2 + 1 - 4*y**2. What is j(-1)?
8
Let g be -2 - (-5)/((-5)/(-3)). Let x(y) = y**3 - y**2. What is x(g)?
0
Let o(h) be the first derivative of 3*h + 2 + 5/2*h**2 - 2/3*h**3. Calculate o(4).
-9
Let n(u) be the third derivative of -u**5/60 - 5*u**4/24 - 2*u**3/3 - 19*u**2. Determine n(-3).
2
Let q = 22 + -42. Let p be 1/3 + q/6. Let u be (-1)/((-4)/p + -1). Let m(g) = -g - 4. Determine m(u).
-1
Let q = 12 - 8. Suppose 2 = -3*v + q*v. Let t(k) = -4*k**v + 0*k - k**3 - k + 1 + 1. Give t(-4).
6
Let b(p) = 2*p + 7. Suppose 2*s + 22 = -2*a, 4*a = a - 2*s - 28. What is b(a)?
-5
Let f(j) = -j**2 + 0*j**2 + 355 - 357 - 4*j. Give f(-3).
1
Let f(b) = 6*b**2 - 6*b - 2. Let v(k) = 7*k**2 - 7*k - 3. Let u(j) = -6*f(j) + 5*v(j). Give u(4).
-15
Let f(y) = -y**2 - y - 2. Suppose 0 = -2*k - 2*k + 44. Let r = -9 + k. Suppose -r*o = -o. Give f(o).
-2
Let b(l) = -l + 2 + l - l + l**2 + 6*l. Calculate b(-6).
8
Let q(s) = 0*s**2 + 0 + s**3 - s + s**2 - 4. Let h(p) = p - 1. Let w be h(-1). Let u = -2 - w. Calculate q(u).
-4
Suppose 6*c = -3*l + 4*c + 4, 5*l - 40 = 5*c. Suppose 2*v = l*v - 10. Let i(b) be the second derivative of b**4/12 - 5*b**3/6 - 2*b**2 + 2*b. Determine i(v).
-4
Let t(p) be the third derivative of -p**5/60 - p**4/8 - p**3/3 + 69*p**2. What is t(-5)?
-12
Let t(i) = -i**2 + 11*i - 5. Let l(v) be the second derivative of v**3/6 + v. Let j(y) = -6*l(y) + t(y). Calculate j(4).
-1
Let w(l) = 0*l + 1 - l + 11 - 4. Calculate w(5).
3
Let q(a) = 5*a**3 + 25*a**2 + 19*a - 16. Let u(v) = 0*v - 6*v**2 - 2*v**3 + 4*v**3 - 3*v**3 - 5*v + 4. Let g(f) = -2*q(f) - 9*u(f). What is g(5)?
6
Let m(a) be the second derivative of a**6/30 - a**5/30 + a**3/6 + 3*a**2/2 + a. Let i(p) be the first derivative of m(p). Determine i(1).
3
Let a(u) = -40 + 7*u + 2*u**3 + 32 - u**3 - 8*u**2. Give a(7).
-8
Suppose -5 = -j - 0. Let s(z) = -z**3 + 5*z**2 + z - 6. Determine s(j).
-1
Let i(o) = 7*o**3 + o + 1. Suppose 14 = g - z, -4*g - 2*z + z + 66 = 0. Suppose 0 = -4*l - 0 - g. Let v be ((-2)/3)/(l/(-6)). Determine i(v).
-7
Let k be ((-8)/(-6))/(2/6). Let z(r) = -3 - r**2 - 3*r + 6 + k*r. Calculate z(4).
-9
Let x(t) be the third derivative of -t**6/120 - t**5/10 + t**4/12 + t**3 - 2*t**2. Give x(-6).
-6
Let x(m) be the second derivative of -m**4/2 - m**3/6 + 5*m. Suppose c - 1 = -2. Give x(c).
-5
Let g(l) = l**3 - l**2 + l - 8. Let y = -12 + 12. Determine g(y).
-8
Let x = 64 + -60. Let g(b) = -2*b**2 - 5*b - 15. Let q(l) = -l**2 - 3*l - 8. Let f(j) = 6*g(j) - 11*q(j). Calculate f(x).
-6
Let n(o) = -o**2 - 4*o - 3. Let h(s) = 6*s**2 + 21*s + 16. Let k(b) = b**2 - 7*b + 3. Let j be k(8). Let f(i) = j*n(i) + 2*h(i). Calculate f(-2).
7
Let n(r) = r**2 - 2*r - 6. Let d(f) = -3*f**2 + 7*f + 18. Let u(w) = 2*d(w) + 7*n(w). Let k(j) = -j**2 - 9*j + 10. Let o be k(-10). Determine u(o).
-6
Let h(d) be the first derivative of -d**5/20 - d**4/6 + d**3/2 - d**2 + 5*d + 5. Let m(s) be the first derivative of h(s). Calculate m(-3).
-2
Suppose -5*p = -0*p - 5. Let w(u) = 11*u**3 - u**2 + 6*u - 6. Let g(a) = 12*a**3 - a**2 + 5*a - 5. Let k(i) = -5*g(i) + 4*w(i). Give k(p).
-15
Let c = 3 + 2. Let k(b) = b**3 - 6*b**2 + 2*b + 9. Let s(z) = -z**3 + 6*z**2 - 3*z - 8. Let g(a) = 3*k(a) + 4*s(a). What is g(c)?
-10
Let x(y) = y**2 - 4*y - 3. Suppose -12 = -3*t - t + 3*u, 0 = -4*t + 2*u + 16. Give x(t).
9
Let b(o) = o**2 - o - 6. Let t = -7 - -7. Suppose 0*y = -3*y. Suppose y = -t*i - i. What is b(i)?
-6
Let z(d) = -23*d + d**2 - 7*d**2 + 22*d. Calculate z(-1).
-5
Suppose -4*l - l = 5*i + 40, -5*i - 3*l - 36 = 0. Let c(r) = -r - 3. What is c(i)?
3
Let m(d) = -3*d**2 + d. Let v(h) = 4*h**2 - 1. Let c(n) = -3*m(n) - 2*v(n). What is c(3)?
2
Let b = 6 + -3. Let s(p) = p**3 - 3*p**2 - p + 4. Give s(b).
1
Let j(l) = -l**2 - 6*l - 3. Let a = 1 + -5. Let h be a/(-2)*-1 - 3. Give j(h).
2
Let y be (2*(-1)/(-2))/1. Let g(m) = 0*m**2 - 2 + y - 4*m + 3*m**2 + 2*m. Suppose -1 = -4*u - 5. What is g(u)?
4
Suppose 5*y = 5*w + 25, -3*w - 21 = -0*w - y. Let f(l) = -3*l + 17. Let v(r) = r - 6. Let g(o) = w*v(o) - 3*f(o). Give g(4).
1
Let j(h) = h**2 + 7*h - 18. Let y(k) = k. Let p(d) = -j(d) - 5*y(d). What is p(-13)?
5
Let z be ((-12)/(-10))/((-3)/(-10)). Let h(u) be the third derivative of u**6/120 - u**5/15 - u**4/8 + u**3/2 - 19*u**2 + 8. Give h(z).
-9
Let h = 8 - -1. Suppose 0 = 2*x + x - h. Let k(m) be the second derivative of m**3/6 + m**2/2 - m. Determine k(x).
4
Let l(s) = -s**2 - 7*s. Let p be l(-7). Let i(n) be the second derivative of 0 + 2*n + 0*n**3 + 1/12*n**4 + p*n**2 - 2/5*n**5. Determine i(1).
-7
Let l = 4 + -2. Suppose 3*y - 11 = k, 0 = -y + l*k + k + 17. Let c(m) = -m - 3*m**3 + 3*m**y + 3*m**3 - 3 + m**3. Calculate c(-3).
0
Let j(u) be the first derivative of 9*u**4/4 + 2*u**3/3 + u**2/2 + 30. Give j(-1).
-8
Let j(u) = u**2 + 6*u - 4. Let f = 27 + -33. Calculate j(f).
-4
Let i(z) be the first derivative of 2 + 3 - z**2 - 4. Let u(c) = c - 1. Let k be u(5). What is i(k)?
-8
Let k(g) be the third derivative of -g**6/120 - g**5/20 - g**4/24 - 2*g**3/3 - 11*g**2. Let v(s) = -s**3 + 5*s**2 - 4*s - 3. Let u be v(4). What is k(u)?
-1
Let d(n) = -n**3 - 8*n**2 + 10*n + 1. Let k be ((-4)/24)/(2/9)*12. Give d(k).
-8
Let u(l) = l**2 - 2*l - 2. Let o be 1/(33/(-12) + 3). Let n(v) = 7*v - 4*v**2 - 9*v + v**3 + 7*v - v**2. Let r be n(o). Determine u(r).
6
Let s(z) = 0 - z + 5 - 5 - 2. Determine s(-6).
4
Let r(n) = 8076 - 8074 - 2*n + 4*n. Determine r(-4).
-6
Let a be 4/6 - (-2)/(-3). Let g(u) = a + 5 + u**3 - 8*u**2 + 3*u + 2*u**2. Give g(5).
-5
Let f(c) = -c**2 - 9*c + 11. Let o be f(-10). Let k(r) = -2*r**2 + r - 1. Give k(o).
-2
Let u be -3*3/(-9) - -4. Suppose -21 = -0*a - 3*a + u*d, 12 = -4*d. Let x(z) be the first derivative of 3*z**2/2 - 2*z - 1. Give x(a).
4
Suppose -3*m + 6 = -0*m. Let y(i) be the first derivative of -3 - 1/2*i**m - 3*i. Calculate y(3).
-6
Let q(b) = -5*b - 1. Let c be q(-1). Let p(h) be the first derivative of 2*h**3/3 - 5*h**2/2 - 2*h - 1. What is p(c)?
10
Let r(n) = -n + 2. Let d be r(-5). Suppose l - 2*y - 12 = 0, d*l - 2*l + y = 5. Let i be 0 + -2 + -1 - l. Let t(q) = -q + 2. Determine t(i).
7
Let o(j) be the second derivative of -j**7/2520 + j**6/180 + j**